-2*o**2 + 6*o. Suppose -12 = -5*k + 13. Let s(r) = k*a(r) - 4*w(r). What is s(-2)?
4
Let x(a) = a**2 - 2*a + 1. Suppose -5*l + 7 = -8. Let q = -4 + 7. Suppose 0 = q*z - 2*z - l. Calculate x(z).
4
Let k(p) be the third derivative of p**4/24 + p**3/2 - 8*p**2. Determine k(-5).
-2
Let o be ((-3)/(-6))/(2/12). Suppose o*n - 3 = -3*a, -a = -2*n + a + 10. Let f(s) = -s**2 + 3*s + 2. Give f(n).
2
Let z(c) = c**2 + 9*c - 5. Let h be z(-9). Let o(s) be the third derivative of -s**4/12 - s**3/2 + 2*s**2. Calculate o(h).
7
Let j(z) = -z + 7. Let x = 11 + -5. Give j(x).
1
Let b(q) = -5*q**2 + 3*q + 8. Let r(s) = 9*s**2 - 6*s - 15. Let v(h) = -11*b(h) - 6*r(h). Let j = -20 - -17. What is v(j)?
2
Let x(n) = 2*n + 4. Let t be x(-4). Suppose 8 = 3*k + 2. Let z(p) = k + p - p + p. What is z(t)?
-2
Let d(f) be the first derivative of -f**3/3 - 5*f**2/2 + 1. Suppose -3*g - 23 = -2*b, -g = -2*g + b - 9. Calculate d(g).
0
Let m(h) = -5*h - 1. Let i(l) = l**3 + 10*l**2 + 8*l - 10. Let a be 2/2 + 2 + -26. Let w = a - -14. Let u be i(w). Give m(u).
4
Let q(s) be the second derivative of s**5/20 - s**4/12 + s**3/6 - s**2/2 - 3*s. Let f(r) = -3*r**3 + 7*r**2 - 3*r + 6. Let j(y) = -f(y) - 2*q(y). What is j(5)?
1
Suppose -d + 3*t = -3*d - 15, -3*t = -4*d - 21. Let b(x) be the second derivative of x**3/6 + 5*x**2/2 + x. Calculate b(d).
-1
Let i(x) be the second derivative of -x**3/3 - 3*x**2 - 22*x. What is i(-4)?
2
Let u(x) = 2*x - 1. Let y be ((-4)/(-2))/(4/6). Suppose -y*i + 10 = -5*i. Let v = -2 - i. Give u(v).
5
Let w(m) be the first derivative of m**5/60 - 5*m**4/24 + m**3/2 - 5*m**2/2 + 4. Let n(q) be the second derivative of w(q). Calculate n(2).
-3
Let z(y) = -y**2 + 4. Suppose h = -0 - 3. Let m be z(h). Let o(d) = -d - 1. Let s(u) = -4*u - 3. Let p(c) = m*o(c) + s(c). Calculate p(-2).
0
Suppose -4*z + 14 = -6. Let n(b) = -b**3 + 5*b**2 + b - 2. What is n(z)?
3
Let t(c) = c**3 + 9*c**2 + 12. Let g(v) = -2*v**3 - 17*v**2 + v - 23. Let m(n) = -4*g(n) - 7*t(n). Calculate m(-6).
-4
Let y be -2 - -1 - 1*-5. Suppose 0 = y*u + 5*l, -u + 4*l = -0*u. Let h(k) = u*k**2 - 4*k**2 + k + 2*k**2. Calculate h(1).
-1
Let m(y) = -y**2 - 2*y - 1. Let s be (3 - 2) + -2 + 0. Give m(s).
0
Let a(q) = 4*q**2 + 2*q + 1. Suppose -3*h = 2*h + 10. What is a(h)?
13
Let p(i) = -i**2 - 10*i - 7. Let d be p(-9). Let n(j) be the third derivative of 1/12*j**6 + 0*j**4 - 1/6*j**3 + 0*j + 0 + 1/30*j**5 - j**d. Determine n(-1).
-9
Let p(o) = -o**2 - 6*o + 6. Let f = 7 - 14. Give p(f).
-1
Let g(a) = -a**2 + 1. Let c be g(4). Let m be (-2)/(9/c - -1). Let h(q) be the second derivative of q**5/20 + 5*q**4/12 - q**3/6 - 3*q**2 + 2*q. Calculate h(m).
-1
Let y(i) = -2*i**3 + i**2 + i - 2. Suppose 2*k = 3*k + 3*z + 13, -2*z = 10. Determine y(k).
-12
Suppose 2*o + 2 = 3*m - 4*m, -5*m = -4*o - 18. Let t(y) = 2 - 2*y**2 + y + 3*y**2 - 2*y**2. What is t(m)?
0
Suppose -x = x - 4. Let w(p) = x + 0*p**3 - 4*p**2 + 4*p + 2*p**3 + 4*p**3 - 7*p**3. Give w(-5).
7
Let s(r) = 7 + 6*r + 0 - r**2 + 4 - 2. Calculate s(7).
2
Let n(f) be the first derivative of 0*f - 3 - 1/2*f**2 - 7/3*f**3. Let g = -6 + 5. Calculate n(g).
-6
Let h be (-25)/(-15) - 2/(-6). Let a(x) be the first derivative of -x**h - x + 2 - 2 + 2 + 0*x. Give a(3).
-7
Let o(a) = -a + 1. Let i(x) = x - 19. Let k be i(13). Determine o(k).
7
Let g(l) = 16*l + 21*l - 46*l. Calculate g(-1).
9
Let p be 14/(-49) + 32/14. Suppose t + p*r - r = 1, 0 = -5*t + r + 17. Let w(d) = -d**3 + 2*d**2 + 4*d - 3. What is w(t)?
0
Let k(w) be the first derivative of -7*w**2/2 + w - 3. Give k(2).
-13
Let o(x) = -6*x - 4*x + 3*x. Let v(a) = a - 5. Suppose -19 = -5*h + 11. Let z be v(h). What is o(z)?
-7
Let q(b) = b**2 - 5*b - 6. Let u = 7 - 5. Suppose 0 = -u*y - 0*y. Suppose y*t - 3*t = -15. What is q(t)?
-6
Let u(k) be the first derivative of k**6/360 - k**5/30 - k**4/8 + 5*k**3/3 - 6. Let f(n) be the third derivative of u(n). Determine f(4).
-3
Let d(t) = 61*t**3 - 6*t**2 + 6*t - 4 - 60*t**3 - 2. What is d(4)?
-14
Let i(m) = -2*m - 1. Let f = -8 + 14. Let l be 1 + -1 + (f - 3). Suppose -c + 0 = l. What is i(c)?
5
Let u = -78 - -79. Let r(i) = 8*i**3 - 3*i - 2. Let f(q) = -q**3 + q**2 + q + 1. Let s(k) = 2*f(k) + r(k). Give s(u).
7
Let j(x) = 341*x. Let g(r) = -22*r. Let p(s) = -77*g(s) - 5*j(s). Calculate p(-1).
11
Suppose 0*a + a - 4 = 0, k + 4*a = 29. Let i = -11 + k. Let j(n) = n**3 - 4*n**2 + 4*n - 3. Calculate j(i).
-3
Let z(a) = a**2 - 4*a - 4. Suppose 8*j + 15 = 11*j. What is z(j)?
1
Let l(n) = -7*n + 1. Let f be (2 - 1) + (-4 - -1). Let o be 4/14 - f/(-7). Suppose 4*v + 20 = o, 5*d - 2*v - 3*v - 20 = 0. What is l(d)?
8
Let m(t) = -t**2 + 5*t. Let n be m(4). Let b(h) = h**2 + h + 1 - 2*h - n*h. Let w = 40 + -35. Give b(w).
1
Let j(n) = 3*n**3 + 2*n**2. Let z(q) = -10*q**3 - 6*q**2 - q. Let u(m) = 7*j(m) + 2*z(m). Let w be u(-2). Let c(b) = b**2 - 6*b + 6. What is c(w)?
-2
Let d be -4 - 2/3*(-99)/22. Let j(l) = 20*l**3 - 1. What is j(d)?
-21
Let v(r) = -r - 7. Let h be v(-5). Let f(d) be the second derivative of -d**3/3 - d**2 + d. Determine f(h).
2
Suppose -1 = -2*s - s - 5*k, -5*s - 4*k + 6 = 0. Let p(h) = -2*h**2 - h + 2. What is p(s)?
-8
Suppose -3*b + 5*b - 14 = 0. Let c(q) = -q**2 + 7*q - 5. Give c(b).
-5
Let q be -1 + (-4)/2 - -12. Suppose 0 = -2*j - q - 1. Let s(h) = -h + 3. Calculate s(j).
8
Let m(t) = t**3 + 10*t**2 + 8*t - 12. Let s be 176/(-20) + 3/(-15). Give m(s).
-3
Let n(y) = 2 - 1 - 2 - 5*y. Let a = 3 - 6. Let w be 1*3*a/(-9). Determine n(w).
-6
Let s be ((-3)/2)/(2/4). Suppose -4*b + 3 = -21. Let r(g) = -g**2 + 2*g + 2*g**2 + b + g - 3. Calculate r(s).
3
Let l(s) = 4*s - 2*s - 4*s. Let f = 5 - 3. Suppose 8 = 3*z + f. Calculate l(z).
-4
Let q(a) = -a**2 + 3*a + 2. Let m = -8 - -10. Give q(m).
4
Let a(v) = v**2 - v. Let h(b) = -b**3 + 3*b**2 - 4*b + 6. Let m be 2/(-3) - (-2)/(-6). Let i(j) = m*h(j) - 3*a(j). Determine i(5).
4
Let k(x) = 8*x**3 - 2*x - 1. Let a be 1/(-1)*(-15)/(-15). What is k(a)?
-7
Let c(z) = -z**3 - 7*z**2 - 7*z - 2. Let s = -16 + 10. Determine c(s).
4
Let x(d) = d - 1. Let n(q) = 5*q - 2. Let o(s) = -n(s) + 3*x(s). Give o(-6).
11
Let z(s) = 2*s - 10. Let y(b) = b. Let n(h) = -y(h) + z(h). Calculate n(7).
-3
Let w(z) = -z + 8. Suppose -30 = -2*k - k. Determine w(k).
-2
Let v(q) = 4*q**3 - q**2 + q - 3. Let m(f) = -f**3 - f**2. Let y(u) = -3*m(u) - v(u). What is y(3)?
9
Suppose 5*r = 3*r + 14. Let u(t) = 2*t**2 - r*t + 5 - 1 + 1 - 1. What is u(4)?
8
Let d(b) = 2*b - 7. Let r be d(5). Suppose -2*l - 4*f + f = 8, -5*l + 4*f + r = 0. Let n(w) = 2 - 3*w**2 + 4*w**2 - 3. Determine n(l).
0
Suppose -2*c - 3*c - 41 = -3*d, 0 = -3*d + 4*c + 37. Let g = d - 14. Let n(y) = y**3 + 6*y**2 - 7*y - 2. Calculate n(g).
-2
Let w = -16 + 10. Let q(p) = 9*p - 5*p**2 - p**3 + 0*p**2 - 1 - p + 7. Determine q(w).
-6
Let o(r) be the third derivative of -r**5/60 - r**4/6 - r**2. What is o(-6)?
-12
Let y be 1*(-1 + (3 - 1)). Let m be y/3 - (-16)/6. Let t(d) = -d + 3. Calculate t(m).
0
Let f(r) = r**3 + 5*r**2 + 2*r - 3. Suppose 5*i + 26 = 1. Calculate f(i).
-13
Let k(w) = -9*w**2 + w. Let p(i) = i + 5. Let x be p(-6). Let c be k(x). Let q = c + 14. Let f(g) = -g**2 + 2*g - 1. Calculate f(q).
-9
Suppose 7*h - 42 = -0*h. Let b(p) = -p**3 + 5*p**2 + 3*p + 5. Determine b(h).
-13
Let f(a) = -a. Let y(c) = 6*c - 1534 + 1534. Suppose -3*v - 15 = 2*v. Let j(o) = v*f(o) - y(o). What is j(-2)?
6
Suppose 0*g + 4 = 2*g. Let i(y) = -y**2 + 2*y**2 + 1 - 4*y - g - 3*y**2. What is i(-3)?
-7
Suppose 3*a = -2*m + 4*m + 2, -5*m - 5*a + 20 = 0. Let x(f) be the third derivative of 1/12*f**4 + 0 - 7*f**2 + 0*f + 0*f**3 - 1/60*f**5. What is x(m)?
0
Let q(t) = 9 + 3*t + 0*t**2 - 3 + 6*t**2 - t**2. Let y(w) = -4*w**2 - 2*w - 5. Let z(x) = -5*q(x) - 6*y(x). Calculate z(-3).
0
Let l(x) = -3*x + 23 + 25 - x**3 - 46 + 6*x + 2*x**2. What is l(3)?
2
Suppose 2*m = 6*m + 8, -5*k = 5*m + 10. Let u = -28 + 31. Let n(b) = u*b - 4*b + 7 + 1 + 1. Calculate n(k).
9
Let l(h) = -h**2 + 5*h + 9. Let c be 108/16 - 1/(-4). What is l(c)?
-5
Let b(c) be the second derivative of -4*c + 1/2*c**2 + 1/12*c**4 + 0 + 5/6*c**3. Give b(-6).
7
Let j(d) = d. Let c(f) = f + 7. Let i be c(-7). What is j(i)?
0
Suppose -u = 3*t - 3, -u + 0*u + 3*t = 3. Let d(o) be the third derivative of -3*o**2 + 3/20*o**5 - 1/24*o**4